{"id":1412,"date":"2025-11-24T16:31:22","date_gmt":"2025-11-24T15:31:22","guid":{"rendered":"https:\/\/cral.gent\/?post_type=programme&#038;p=1412"},"modified":"2026-02-18T14:31:05","modified_gmt":"2026-02-18T13:31:05","slug":"dejeuner-causerie-m-a-preciser-2","status":"publish","type":"programme","link":"https:\/\/cral.gent\/nl\/programme\/dejeuner-causerie-m-a-preciser-2\/","title":{"rendered":"D\u00e9jeuner-causerie: Mme Martine CADI\u00c8RE: &#8216;Une petite histoire de la Grande musique: la musique racont\u00e9e par ses passeurs.&#8217;"},"content":{"rendered":"","protected":false},"featured_media":0,"template":"","meta":{"_acf_changed":false},"class_list":["post-1412","programme","type-programme","status-publish","hentry"],"acf":[],"yoast_head":"<!-- This site is optimized with the Yoast SEO plugin v26.0 - https:\/\/yoast.com\/wordpress\/plugins\/seo\/ -->\n<title>D\u00e9jeuner-causerie: Mme Martine CADI\u00c8RE: &#039;Une petite histoire de la Grande musique: la musique racont\u00e9e par ses passeurs.&#039; - Cercle Royal Artistique et Litt\u00e9raire - CRAL<\/title>\n<meta name=\"robots\" content=\"index, follow, max-snippet:-1, max-image-preview:large, max-video-preview:-1\" \/>\n<link rel=\"canonical\" href=\"https:\/\/cral.gent\/programme\/dejeuner-causerie-m-a-preciser-2\/\" \/>\n<meta property=\"og:locale\" content=\"nl_NL\" \/>\n<meta property=\"og:type\" content=\"article\" \/>\n<meta property=\"og:title\" content=\"D\u00e9jeuner-causerie: Mme Martine CADI\u00c8RE: &#039;Une petite histoire de la Grande musique: la musique racont\u00e9e par ses passeurs.&#039; - Cercle Royal Artistique et Litt\u00e9raire - CRAL\" \/>\n<meta property=\"og:url\" content=\"https:\/\/cral.gent\/programme\/dejeuner-causerie-m-a-preciser-2\/\" \/>\n<meta property=\"og:site_name\" content=\"Cercle Royal Artistique et Litt\u00e9raire - CRAL\" \/>\n<meta property=\"article:modified_time\" content=\"2026-02-18T13:31:05+00:00\" \/>\n<meta name=\"twitter:card\" content=\"summary_large_image\" \/>\n<script type=\"application\/ld+json\" class=\"yoast-schema-graph\">{\"@context\":\"https:\/\/schema.org\",\"@graph\":[{\"@type\":\"WebPage\",\"@id\":\"https:\/\/cral.gent\/programme\/dejeuner-causerie-m-a-preciser-2\/\",\"url\":\"https:\/\/cral.gent\/programme\/dejeuner-causerie-m-a-preciser-2\/\",\"name\":\"D\u00e9jeuner-causerie: Mme Martine CADI\u00c8RE: 'Une petite histoire de la Grande musique: la musique racont\u00e9e par ses passeurs.' - Cercle Royal Artistique et Litt\u00e9raire - CRAL\",\"isPartOf\":{\"@id\":\"https:\/\/cral.gent\/#website\"},\"datePublished\":\"2025-11-24T15:31:22+00:00\",\"dateModified\":\"2026-02-18T13:31:05+00:00\",\"breadcrumb\":{\"@id\":\"https:\/\/cral.gent\/programme\/dejeuner-causerie-m-a-preciser-2\/#breadcrumb\"},\"inLanguage\":\"nl-NL\",\"potentialAction\":[{\"@type\":\"ReadAction\",\"target\":[\"https:\/\/cral.gent\/programme\/dejeuner-causerie-m-a-preciser-2\/\"]}]},{\"@type\":\"BreadcrumbList\",\"@id\":\"https:\/\/cral.gent\/programme\/dejeuner-causerie-m-a-preciser-2\/#breadcrumb\",\"itemListElement\":[{\"@type\":\"ListItem\",\"position\":1,\"name\":\"Accueil\",\"item\":\"https:\/\/cral.gent\/nl\/\"},{\"@type\":\"ListItem\",\"position\":2,\"name\":\"D\u00e9jeuner-causerie: Mme Martine CADI\u00c8RE: &lsquo;Une petite histoire de la Grande musique: la musique racont\u00e9e par ses passeurs.&rsquo;\"}]},{\"@type\":\"WebSite\",\"@id\":\"https:\/\/cral.gent\/#website\",\"url\":\"https:\/\/cral.gent\/\",\"name\":\"Cercle Royal Artistique et Litt\u00e9raire - CRAL\",\"description\":\"\",\"potentialAction\":[{\"@type\":\"SearchAction\",\"target\":{\"@type\":\"EntryPoint\",\"urlTemplate\":\"https:\/\/cral.gent\/?s={search_term_string}\"},\"query-input\":{\"@type\":\"PropertyValueSpecification\",\"valueRequired\":true,\"valueName\":\"search_term_string\"}}],\"inLanguage\":\"nl-NL\"}]}<\/script>\n<!-- \/ Yoast SEO plugin. -->","yoast_head_json":{"title":"D\u00e9jeuner-causerie: Mme Martine CADI\u00c8RE: 'Une petite histoire de la Grande musique: la musique racont\u00e9e par ses passeurs.' - Cercle Royal Artistique et Litt\u00e9raire - CRAL","robots":{"index":"index","follow":"follow","max-snippet":"max-snippet:-1","max-image-preview":"max-image-preview:large","max-video-preview":"max-video-preview:-1"},"canonical":"https:\/\/cral.gent\/programme\/dejeuner-causerie-m-a-preciser-2\/","og_locale":"nl_NL","og_type":"article","og_title":"D\u00e9jeuner-causerie: Mme Martine CADI\u00c8RE: 'Une petite histoire de la Grande musique: la musique racont\u00e9e par ses passeurs.' - Cercle Royal Artistique et Litt\u00e9raire - CRAL","og_url":"https:\/\/cral.gent\/programme\/dejeuner-causerie-m-a-preciser-2\/","og_site_name":"Cercle Royal Artistique et Litt\u00e9raire - CRAL","article_modified_time":"2026-02-18T13:31:05+00:00","twitter_card":"summary_large_image","schema":{"@context":"https:\/\/schema.org","@graph":[{"@type":"WebPage","@id":"https:\/\/cral.gent\/programme\/dejeuner-causerie-m-a-preciser-2\/","url":"https:\/\/cral.gent\/programme\/dejeuner-causerie-m-a-preciser-2\/","name":"D\u00e9jeuner-causerie: Mme Martine CADI\u00c8RE: 'Une petite histoire de la Grande musique: la musique racont\u00e9e par ses passeurs.' - Cercle Royal Artistique et Litt\u00e9raire - CRAL","isPartOf":{"@id":"https:\/\/cral.gent\/#website"},"datePublished":"2025-11-24T15:31:22+00:00","dateModified":"2026-02-18T13:31:05+00:00","breadcrumb":{"@id":"https:\/\/cral.gent\/programme\/dejeuner-causerie-m-a-preciser-2\/#breadcrumb"},"inLanguage":"nl-NL","potentialAction":[{"@type":"ReadAction","target":["https:\/\/cral.gent\/programme\/dejeuner-causerie-m-a-preciser-2\/"]}]},{"@type":"BreadcrumbList","@id":"https:\/\/cral.gent\/programme\/dejeuner-causerie-m-a-preciser-2\/#breadcrumb","itemListElement":[{"@type":"ListItem","position":1,"name":"Accueil","item":"https:\/\/cral.gent\/nl\/"},{"@type":"ListItem","position":2,"name":"D\u00e9jeuner-causerie: Mme Martine CADI\u00c8RE: &lsquo;Une petite histoire de la Grande musique: la musique racont\u00e9e par ses passeurs.&rsquo;"}]},{"@type":"WebSite","@id":"https:\/\/cral.gent\/#website","url":"https:\/\/cral.gent\/","name":"Cercle Royal Artistique et Litt\u00e9raire - CRAL","description":"","potentialAction":[{"@type":"SearchAction","target":{"@type":"EntryPoint","urlTemplate":"https:\/\/cral.gent\/?s={search_term_string}"},"query-input":{"@type":"PropertyValueSpecification","valueRequired":true,"valueName":"search_term_string"}}],"inLanguage":"nl-NL"}]}},"_links":{"self":[{"href":"https:\/\/cral.gent\/nl\/wp-json\/wp\/v2\/programme\/1412","targetHints":{"allow":["GET"]}}],"collection":[{"href":"https:\/\/cral.gent\/nl\/wp-json\/wp\/v2\/programme"}],"about":[{"href":"https:\/\/cral.gent\/nl\/wp-json\/wp\/v2\/types\/programme"}],"wp:attachment":[{"href":"https:\/\/cral.gent\/nl\/wp-json\/wp\/v2\/media?parent=1412"}],"curies":[{"name":"wp","href":"https:\/\/api.w.org\/{rel}","templated":true}]}}

Déjeuner-causerie: Mme Martine CADIÈRE: &#8216;Une petite histoire de la Grande musique: la musique racontée par ses passeurs.&#8217;

<!-- This site is optimized with the Yoast SEO plugin v26.0 - https://yoast.com/wordpress/plugins/seo/ -->
<title>Déjeuner-causerie: Mme Martine CADIÈRE: &#039;Une petite histoire de la Grande musique: la musique racontée par ses passeurs.&#039; - Cercle Royal Artistique et Littéraire - CRAL</title>
<meta name="robots" content="index, follow, max-snippet:-1, max-image-preview:large, max-video-preview:-1" />
<link rel="canonical" href="https://cral.gent/programme/dejeuner-causerie-m-a-preciser-2/" />
<meta property="og:locale" content="nl_NL" />
<meta property="og:type" content="article" />
<meta property="og:title" content="Déjeuner-causerie: Mme Martine CADIÈRE: &#039;Une petite histoire de la Grande musique: la musique racontée par ses passeurs.&#039; - Cercle Royal Artistique et Littéraire - CRAL" />
<meta property="og:url" content="https://cral.gent/programme/dejeuner-causerie-m-a-preciser-2/" />
<meta property="og:site_name" content="Cercle Royal Artistique et Littéraire - CRAL" />
<meta property="article:modified_time" content="2026-02-18T13:31:05+00:00" />
<meta name="twitter:card" content="summary_large_image" />
<script type="application/ld+json" class="yoast-schema-graph">{"@context":"https://schema.org","@graph":[{"@type":"WebPage","@id":"https://cral.gent/programme/dejeuner-causerie-m-a-preciser-2/","url":"https://cral.gent/programme/dejeuner-causerie-m-a-preciser-2/","name":"Déjeuner-causerie: Mme Martine CADIÈRE: 'Une petite histoire de la Grande musique: la musique racontée par ses passeurs.' - Cercle Royal Artistique et Littéraire - CRAL","isPartOf":{"@id":"https://cral.gent/#website"},"datePublished":"2025-11-24T15:31:22+00:00","dateModified":"2026-02-18T13:31:05+00:00","breadcrumb":{"@id":"https://cral.gent/programme/dejeuner-causerie-m-a-preciser-2/#breadcrumb"},"inLanguage":"nl-NL","potentialAction":[{"@type":"ReadAction","target":["https://cral.gent/programme/dejeuner-causerie-m-a-preciser-2/"]}]},{"@type":"BreadcrumbList","@id":"https://cral.gent/programme/dejeuner-causerie-m-a-preciser-2/#breadcrumb","itemListElement":[{"@type":"ListItem","position":1,"name":"Accueil","item":"https://cral.gent/nl/"},{"@type":"ListItem","position":2,"name":"Déjeuner-causerie: Mme Martine CADIÈRE: &lsquo;Une petite histoire de la Grande musique: la musique racontée par ses passeurs.&rsquo;"}]},{"@type":"WebSite","@id":"https://cral.gent/#website","url":"https://cral.gent/","name":"Cercle Royal Artistique et Littéraire - CRAL","description":"","potentialAction":[{"@type":"SearchAction","target":{"@type":"EntryPoint","urlTemplate":"https://cral.gent/?s={search_term_string}"},"query-input":{"@type":"PropertyValueSpecification","valueRequired":true,"valueName":"search_term_string"}}],"inLanguage":"nl-NL"}]}</script>
<!-- / Yoast SEO plugin. -->

Déjeuner-causerie: Mme Martine CADIÈRE: 'Une petite histoire de la Grande musique: la musique racontée par ses passeurs.' - Cercle Royal Artistique et Littéraire - CRAL

Cercle Royal Artistique et Littéraire - CRAL

Déjeuner-causerie: Mme Martine CADIÈRE: &lsquo;Une petite histoire de la Grande musique: la musique racontée par ses passeurs.&rsquo;
